d by 11?
10
Let v(d) = -4*d**3 + 4*d**2 + 10*d + 21. What is the remainder when v(-5) is divided by 11?
10
Let u = 389 + -262. Let o = 212 - u. Calculate the remainder when o is divided by 18.
13
Let h be (-6)/14 - 120/(-35). Suppose 288 = -c - h*c. Let l = 26 - c. What is the remainder when l is divided by 20?
18
Suppose 0 = 5*a + 20, -3 = p + 3*a + 9. Suppose p*y - 6 = 2*y. What is the remainder when 11 is divided by (-8 - -1)*(2 + y)?
4
Suppose 5*x = 7*x + 2, -3*w - 3*x = -180. What is the remainder when 113 is divided by w?
52
Suppose 2275 = 5*v + 4*a, -10*a + 7*a = -3*v + 1365. Calculate the remainder when v is divided by 92.
87
Let y(n) = 3*n**3 + 23*n**2 - 12*n + 8. What is the remainder when y(-8) is divided by 31?
9
Suppose -9*u - 5*u + 602 = 0. What is the remainder when u is divided by 21?
1
Suppose 26 + 10 = 10*w - 2*v, -15 = -2*w + 3*v. Calculate the remainder when 93 is divided by w.
0
Let i(x) = -2*x - 26. Let a be i(-12). Calculate the remainder when a + -1 + 17 + 3 is divided by 2/(-9) + 94/18.
2
Suppose 3*f = -2*f - 55. Let x(n) be the first derivative of -n**2/2 - 8*n - 17. Calculate the remainder when 5 is divided by x(f).
2
Suppose 11 = 4*j + v, -j = -2*j + 3*v + 6. Suppose -3*q + 2 = -4. Let d = q + 7. Calculate the remainder when d is divided by j.
0
Let i(z) = -z - 34. Let h be i(18). Let s = 77 + h. What is the remainder when s is divided by 9?
7
Suppose -69*k + 398 = -3535. What is the remainder when k is divided by ((-3)/(-2))/(3/40)?
17
Suppose -4*a - 128 = -4*h, -5*a - 12 = -2*a. Let x = -2 - -12. What is the remainder when h is divided by x?
8
Suppose 2*u = -2*b + 7*u - 26, 2*b = 3*u - 18. Calculate the remainder when -30*(-3)/12*(-14)/b is divided by 18.
17
Suppose -j = 4*j - 670. Suppose -91 - j = -5*y. Let g = -2 + y. What is the remainder when g is divided by 11?
10
Suppose -18 = 5*f - 2*l - 42, -2*l = 4. Suppose 11*x = 15*x - f. Suppose -o - 24 = -5*o. What is the remainder when o is divided by x?
0
Let l be (-2)/11 + 430/(-55). Let y = 18 - l. Suppose 2*b + 5*d = 14 + 4, y = 2*b + d. What is the remainder when 53 is divided by b?
11
Suppose 24*q - 19*q - 2178 = b, -b = -2. What is the remainder when q is divided by 21?
16
Let p(f) = -12*f - 132. Calculate the remainder when p(-12) is divided by 1.
0
Suppose v = -4*x + 94, 0 = -5*x + 2*x - 4*v + 64. Suppose 2*t - 6 = 0, 5*b - 5*t + 10*t - 720 = 0. What is the remainder when b is divided by x?
21
Let c(b) = -25*b**3 - 4*b**2 - b + 2. Let v be c(-2). Let o be v/14 - 8/(-14). What is the remainder when 34 is divided by o - ((-12)/(-4) - 1)?
10
Suppose -5*q - 5*t = -50, 19 = -3*q - 5*t + 59. Suppose 5*c = 10, 79 = q*a - c - 2*c. What is the remainder when a is divided by 9?
8
What is the remainder when 325 is divided by (-32)/224 + (-1011)/(-21)?
37
Suppose 4 = 3*g - 2. Suppose -p + m + 89 = 3*m, 2*p + g*m - 188 = 0. Suppose -q + 28 = 4*v - 18, -2*q = v - p. What is the remainder when q is divided by 13?
11
Suppose -2*w = -i - 7 + 25, -2*i + w = -21. What is the remainder when 999/63 - 2/(-14) is divided by i?
0
Let f be 1/(94/(-150) - (-6)/9). Suppose -4*o = -5*m - 49, 0 = o + 5*m - f - 6. What is the remainder when 90 is divided by o?
10
Let j(b) = -b**3 + 11*b**2 - 13*b + 3. Let r = -71 - -96. What is the remainder when j(9) is divided by r?
23
Let k = -4 - -7. Suppose -n - k*n + 196 = 0. Calculate the remainder when n is divided by 27/36 - (-194)/8.
24
Let z(i) = -2*i**2 + 26*i - 2. Suppose 4*p - 9 - 35 = 0. What is the remainder when z(p) is divided by 14 + 0 - (0 - 1)?
12
Let t be (-54)/(-10) - 1/((-5)/(-2)). Suppose t*q - 40 = -i - 4*i, q - 21 = -2*i. Calculate the remainder when 23 is divided by i.
10
Let g = -580 - -659. What is the remainder when 2446 is divided by g?
76
Suppose -2*i + 4 = 0, -2*v + v + 72 = 5*i. Let f = v + 1. Calculate the remainder when 250 is divided by f.
61
Suppose -11*y = 11*c - 6*c - 33, -21 = -c + 5*y. Suppose r = -4*h + 61, 0*r + 4*h = 3*r - 199. Calculate the remainder when r is divided by c.
10
Let g be (-2)/9 - (-2)/9. Suppose -3*u = -g*u. Suppose u = -z + 6*z - 40. Calculate the remainder when 31 is divided by z.
7
Let y = -86 + 153. Calculate the remainder when y is divided by 32.
3
Suppose 5*f - 4*s - 53 = 0, 3*s + 7 = 16. Let p(u) = -4*u**2 + 2*u - 1. Let x be p(1). Calculate the remainder when (1 - 9)/(1/x) is divided by f.
11
Let c(a) = -3*a**2 + 1. Let g be c(1). Let u be g/2 + 4 + -4. Calculate the remainder when 29 is divided by (-3 - u)*36/(-9).
5
Let j(d) = -d**3 + 11*d**2 - 4*d - 10. Let r be j(10). Let g = 81 - r. What is the remainder when 92 is divided by g?
30
Let m = -531 + 546. What is the remainder when 40 is divided by m?
10
Let m = 169 + -159. Let y(v) be the third derivative of 11*v**5/60 - v**4/12 - v**3/6 - v**2. What is the remainder when y(2) is divided by m?
9
Let v(f) = 44*f - 2. Let p = -8 - -10. Suppose 5*z - 157 = -47. What is the remainder when v(p) is divided by z?
20
Suppose 471 + 717 = 12*s. What is the remainder when s is divided by 2/(-3) - 106/(-6)?
14
Let q(d) = -d**3 + 2*d**2 + 5*d - 4. Let k be q(3). Suppose k*i + 7 = -47. Let y = 41 + i. What is the remainder when y is divided by 5?
4
Let m(y) = 97*y**2 - 34*y - 247. Calculate the remainder when m(-6) is divided by 115.
114
Suppose -3*o + o + 131 = m, 4*o = 4*m + 244. Suppose r - 25 = -3. Let z = 0 + r. Calculate the remainder when o is divided by z.
20
Let f = 26 + -20. Let y be ((-28)/(-5))/(2/30). Suppose -y = -u - 3*u. Calculate the remainder when u is divided by f.
3
Let a(d) = d**3 - 3*d**2 + 16*d - 14. Let h = 31 + 28. What is the remainder when a(7) is divided by h?
58
Suppose 40*w - 903 - 937 = 0. What is the remainder when 137 is divided by w?
45
Suppose 0 = -4*n + 4 + 24. Let u = n - 7. Suppose -6*j = -5*g - j + 170, -g + 4*j + 49 = u. Calculate the remainder when g is divided by 16.
13
Let d(y) = 42*y + 1036. Calculate the remainder when 1398 is divided by d(-24).
26
Let x = -68 - -97. Let p be ((-1)/1)/((-2)/66). Suppose -5*l + 3*m = -35, -4*l + 2*m = 3 - p. What is the remainder when x is divided by l?
9
Suppose 3*p - 27 = -3*j, -3*j - 4*p + 25 = -2. Calculate the remainder when 53 is divided by j.
8
Let y(a) = -a + 3. Calculate the remainder when y(-6) is divided by 27/12 - 70/(-40).
1
Let o = 18 - 21. Calculate the remainder when 96 is divided by 13 - ((-6)/9)/((-2)/o).
12
Suppose 6*s = 83 + 1. Suppose -2*q + 195 = 3*q. Calculate the remainder when q is divided by s.
11
Suppose -2*g + y = -1, -3*g + 5*y = 10 - 1. Suppose -g*q = q - 3*c - 39, -13 = -q - 4*c. What is the remainder when 38 is divided by q?
12
Let r(s) = s**2 - 16*s + 63. Let k be r(6). Suppose k*i - 32 = 19. What is the remainder when 67 is divided by i?
16
Let s = -240 - -455. What is the remainder when s is divided by 34?
11
What is the remainder when (1/(-3))/(61570/(-5130) + 12) is divided by 80?
11
Let s(c) = 2*c**2 - 6*c - 4. Let i be s(4). Suppose 57 = i*u - 23. Calculate the remainder when 137 is divided by u.
17
Suppose 5*x = 2*o - 3*o + 359, 0 = -x + 5*o + 77. What is the remainder when x is divided by 72?
0
Suppose 1 = f + 4*q, 4*f - 2*q - 22 = -0. Suppose 4*t = f - 1, 27 = 2*v - 3*t. What is the remainder when 42 is divided by v?
12
Suppose 13806 + 7049 = 43*l. Calculate the remainder when l is divided by 27.
26
What is the remainder when 81 is divided by 6/((-10)/(-8 - -3))?
0
Let j be (-1 - (0 + 2)) + -14. Let m be 16/(-10)*(j - -2). Let k = m + -3. What is the remainder when 82 is divided by k?
19
Let o = 471 + -279. Suppose o = h + 11*h. Calculate the remainder when h is divided by 9.
7
Suppose 33*m = 5*m + 1400. Calculate the remainder when 247 is divided by m.
47
Suppose 12 = c + 10. Let t(y) = c + y + 8 + 8. Calculate the remainder when t(11) is divided by 16.
13
Suppose -10*y = -y - 90. What is the remainder when ((-160)/(-12))/(y/15) is divided by 8?
4
Suppose -u = 2*u - 12. What is the remainder when 15 is divided by (24/(-15))/u*-15?
3
Suppose -4*y + 3*y + 93 = 0. What is the remainder when y is divided by -1*5/(-10)*19*2?
17
Suppose -2*b - 42 + 106 = 0. Let t = 57 - b. What is the remainder when 97 is divided by t?
22
Suppose -a - 1 = 1, -2*h - 4*a - 12 = 0. Let s(r) = 11*r**3 + 2*r**2 - 2*r + 1. Calculate the remainder when